{"id":162,"date":"2017-01-22T17:59:40","date_gmt":"2017-01-22T17:59:40","guid":{"rendered":"http:\/\/i2.information-innovation.de\/?page_id=162"},"modified":"2018-06-03T13:12:45","modified_gmt":"2018-06-03T13:12:45","slug":"training-coaching","status":"publish","type":"page","link":"https:\/\/i2.information-innovation.de\/?page_id=162","title":{"rendered":"Training &#038; Coaching"},"content":{"rendered":"<p><img loading=\"lazy\" decoding=\"async\" class=\"alignright wp-image-193 size-full\" src=\"https:\/\/i2.information-innovation.de\/wp-content\/uploads\/2017\/01\/coaching00101table33.jpg\" alt=\"\" width=\"150\" height=\"100\" \/><\/p>\n<table width=\"590\">\n<tbody>\n<tr>\n<td width=\"133\"><strong>Bereich\u00a0\u00a0<\/strong><\/td>\n<td width=\"335\"><strong>Projektinhalt\u00a0\u00a0<\/strong><\/td>\n<td width=\"122\"><strong>Kunde \/ Zeitraum\u00a0\u00a0<\/strong><\/td>\n<\/tr>\n<tr>\n<td width=\"133\"><strong>Schulungen\u00a0\u00a0<\/strong><\/td>\n<td width=\"335\">Interne und externe Seminare und Schulungen zu den Themen PC- Grundlagen, Standardsoftware, UNIX- Grundlagen, Programm- entwicklung und Softwareengineering, Moderationsmethoden, Strukturierte Analyse.<\/td>\n<td width=\"122\">Fraunhofer- Institut: 1987- 1992<\/td>\n<\/tr>\n<tr>\n<td width=\"133\"><strong>Schulungen\u00a0\u00a0<\/strong><\/td>\n<td width=\"335\">Erarbeitung und Durchf\u00fchrung von Seminaren von Schulungen und Seminaren zu den Themen Grundlagen der Programmierung, Programmierung in C, UNIX- Grundlagen, Grundlagen der DV und Unternehmenssimulation \/ &#8211; strategien.<\/td>\n<td width=\"122\">Berufsweiterbildende Einrichtung: 1991-1992<\/td>\n<\/tr>\n<tr>\n<td width=\"133\"><strong>Moderation\u00a0\u00a0<\/strong><\/td>\n<td width=\"335\">Moderation von CIM-Workshops unter Verwendung von Metaplan und der Strukurierten Analyse.<\/td>\n<td width=\"122\">Unternehmensberatung: 1992<\/td>\n<\/tr>\n<tr>\n<td width=\"133\"><strong>Planung, Entwicklung, Schulung und Vertrieb\u00a0\u00a0<\/strong><\/td>\n<td width=\"335\">Bereichsleitung f\u00fcr methodenorientierte Trainings- und Softwarebausteine.<br \/>\nKonzeption und prototypische Umsetzung von Softwaretools f\u00fcr die Qualit\u00e4tssicherung. Die Umsetzung der Prototypen erfolgte in Smalltalk\/V und PARTS auf Basis MS-Windows.<br \/>\nInterne Mitarbeiter-Schulungen zum Einsatz von Standardsoftware. Planung, Neugestaltung und Einf\u00fchrung einer neuen Informations- und technischen Kommunikationsstruktur.<br \/>\nAufbau und Durchf\u00fchrung von Inhouse-Trainings f\u00fcr den Einsatz von QM-Methoden.<br \/>\nProjektbegleitung von QM-Teams.<br \/>\nReferate und Durchf\u00fchrung von Workshops bei \u00f6ffentlichen Tagungen und Konferenzen zu Themen des QM.<br \/>\nVeranstaltungskonzeption und Seminare zu den Themen Probleml\u00f6sung und Entscheidungsfindung, Teambildung und Teamarbeit, TQM und Softwareengineering.<\/td>\n<td width=\"122\">Unternehmensberatung: 1992- 1994<\/td>\n<\/tr>\n<tr>\n<td width=\"133\"><strong>Seminardurchf\u00fchrung\u00a0\u00a0<\/strong><\/td>\n<td width=\"335\">Erarbeitung und Durchf\u00fchrung von Seminaren zur System- und Anwendungsberatung.<br \/>\nSchulung in objektorientierten Systemen (C++, Smalltalk) und Software-Ergonomie.<\/td>\n<td width=\"122\">Berufsweiterbildende Einrichtung: 1993-1994<\/td>\n<\/tr>\n<tr>\n<td width=\"133\"><strong>Initiierung und Planung\u00a0\u00a0<\/strong><\/td>\n<td width=\"335\">Konzeption eines generalisierten TQM-Modells und Planung von<br \/>\nEinf\u00fchrungs- und Umsetzungsstrategien f\u00fcr branchenspezifische<br \/>\nBelange<\/td>\n<td width=\"122\">Verbundprojekt 1994<\/td>\n<\/tr>\n<tr>\n<td width=\"133\"><strong>Seminardurchf\u00fchrung und Projektbegleitung\u00a0\u00a0<\/strong><\/td>\n<td width=\"335\">Durchf\u00fchrung von einf\u00fchrenden Seminaren zu Methoden des<br \/>\nQualit\u00e4tsmanagements (FMEA, QFD und DFMA) und Begleitung von<br \/>\nPilotprojekten.<\/td>\n<td width=\"122\">Unternehmensberatungen: 1994<\/td>\n<\/tr>\n<tr>\n<td width=\"133\"><strong>Seminardurchf\u00fchrung\u00a0\u00a0<\/strong><\/td>\n<td width=\"335\">Durchf\u00fchrung von Seminaren zu Methoden des Qualit\u00e4tsmanagements (FMEA und QFD ).<\/td>\n<td width=\"122\">Bildungswerk: 1995<\/td>\n<\/tr>\n<tr>\n<td width=\"133\"><strong>Seminardurchf\u00fchrung\u00a0\u00a0<\/strong><\/td>\n<td width=\"335\">Durchf\u00fchrung von einf\u00fchrenden Trainings zu Objekttechnologie, Smalltalk-Grundlagen,<br \/>\nVisualAge for Smalltalk f\u00fcr Teilnehmer aus IBM-Mainframe- Umfeld.<\/td>\n<td width=\"122\">Unternehmensberatung: 1995\/1996<\/td>\n<\/tr>\n<tr>\n<td width=\"133\"><strong>Seminarkonzeption und Durchf\u00fchrung\u00a0\u00a0<\/strong><\/td>\n<td width=\"335\">Entwicklung eines Trainings f\u00fcr die OO-Methode CRC und Durchf\u00fchrung bei ausgew\u00e4hlten Kunden.<\/td>\n<td width=\"122\">Unternehmensberatung: 1997<\/td>\n<\/tr>\n<tr>\n<td width=\"133\"><strong>Beratung und Training\u00a0\u00a0<\/strong><\/td>\n<td width=\"335\">Diverse Managementmethoden f\u00fcr Qualit\u00e4ts- und Produktmanagement mit Unterst\u00fctzung von Bausteinen verschiedener Kooperationspartner, z.B. QFD, FMEA, TRIZ.<\/td>\n<td width=\"122\">Div. Industriekunden: 1997<\/td>\n<\/tr>\n<tr>\n<td width=\"133\"><strong>Workshops und Vortr\u00e4ge\u00a0\u00a0<\/strong><\/td>\n<td width=\"335\">Erarbeitung und Durchf\u00fchrung von Workshops zum Thema Qualit\u00e4tsmethoden.\u00a0Vortr\u00e4ge zu Quality Function Deployment als Methode f\u00fcr Requirements Engineering.<\/td>\n<td width=\"122\">Planungsgesellschaft \/ \u00d6ffentliche Datendienstleister: 2000<\/td>\n<\/tr>\n<tr>\n<td width=\"133\"><strong>Coaching\u00a0\u00a0<\/strong><\/td>\n<td width=\"335\">Erarbeitung von Trainingsunterlagen zum Customizing eines Standard- Planungssystems auf Basis von VBScript und JavaScript. Durchf\u00fchrung von Trainings und Coaching von Pilotprojekten..<\/td>\n<td width=\"122\">Systemhaus: 2002<\/td>\n<\/tr>\n<tr>\n<td width=\"133\"><strong>Training und Coaching\u00a0\u00a0<\/strong><\/td>\n<td width=\"335\">Training von Partnerfirmen f\u00fcr die Entwicklung von Anwendungsprogrammen f\u00fcr ein Planungssystem. Durchf\u00fchrung von Anforderungsanalysen und Definition von Pflichtenheften auf UML-Basis. Begleitung und Betreuung von Outsourcing- Projekten der Partnerfirmen.<\/td>\n<td width=\"122\">Systemhaus: 2004<\/td>\n<\/tr>\n<tr>\n<td width=\"133\"><strong>Training und Coaching\u00a0\u00a0<\/strong><\/td>\n<td width=\"335\">Training von Endkunden f\u00fcr die Entwicklung von Anwendungsprogrammen f\u00fcr ein Planungssystem. Begleitung und Coaching von Pilotprojekten.<\/td>\n<td width=\"122\">Systemhaus: 2005<\/td>\n<\/tr>\n<tr>\n<td width=\"133\"><strong>Training und Coaching\u00a0\u00a0<\/strong><\/td>\n<td width=\"335\">Training von Partnerfirmen f\u00fcr die Entwicklung von Anwendungsprogrammen f\u00fcr ein Planungssystem. Durchf\u00fchrung von Anforderungsanalysen und Definition von Pflichtenheften auf UML-Basis. Begleitung und Betreuung von Outsourcing- Projekten der Partnerfirmen.<\/td>\n<td width=\"122\">Systemhaus: 2007\/2008<\/td>\n<\/tr>\n<tr>\n<td width=\"133\"><strong>Training und Coaching\u00a0\u00a0<\/strong><\/td>\n<td width=\"335\">Training von Endkunden f\u00fcr die Entwicklung von Anwendungsprogrammen f\u00fcr ein Planungssystem. Begleitung und Coaching von Pilotprojekten.<\/td>\n<td width=\"122\">Systemhaus: 2008<\/td>\n<\/tr>\n<tr>\n<td width=\"133\"><strong>Training und Coaching\u00a0\u00a0<\/strong><\/td>\n<td width=\"335\">Training von Endkunden f\u00fcr die Konfiguration eines generischen Schnittstellensystems. Erstellung von Trainingsdokumenten und Durchf\u00fchrung anhand konkreter Anwendungsf\u00e4lle.<\/td>\n<td width=\"122\">Systemhaus: 2009<\/td>\n<\/tr>\n<tr>\n<td width=\"133\"><strong>Coaching\u00a0\u00a0<\/strong><\/td>\n<td width=\"335\">Betreuung Softwareentwicklungsproze\u00df f\u00fcr Systementwickler im technischen Umfeld. Analyse bestehender Prozesse und Vorschl\u00e4ge und f\u00fcr Anpassungen.<\/td>\n<td width=\"122\">Systemhaus: 2009<\/td>\n<\/tr>\n<tr>\n<td width=\"133\"><strong>Training und Coaching\u00a0\u00a0<\/strong><\/td>\n<td width=\"335\">Erstellung eines Schulungskonzepts zur Einf\u00fchrung eines QS-Systems. Erarbeitung von Schulungsunterlagen. Train-The-Trainer-Ausbildung und Begleitung von Pilotschulungen.<\/td>\n<td width=\"122\">Automobilhersteller:\u00a02013<\/td>\n<\/tr>\n<\/tbody>\n<\/table>\n","protected":false},"excerpt":{"rendered":"<p>Bereich\u00a0\u00a0 Projektinhalt\u00a0\u00a0 Kunde \/ Zeitraum\u00a0\u00a0 Schulungen\u00a0\u00a0 Interne und externe Seminare und Schulungen zu den Themen PC- Grundlagen, Standardsoftware, UNIX- Grundlagen, Programm- entwicklung und Softwareengineering, Moderationsmethoden, Strukturierte Analyse. Fraunhofer- Institut: 1987- 1992 Schulungen\u00a0\u00a0 Erarbeitung und Durchf\u00fchrung von Seminaren von Schulungen und Seminaren zu den Themen Grundlagen der Programmierung, Programmierung in C, UNIX- Grundlagen, Grundlagen der DV&#8230;<\/p>\n","protected":false},"author":1,"featured_media":0,"parent":0,"menu_order":0,"comment_status":"closed","ping_status":"closed","template":"","meta":{"footnotes":""},"aioseo_notices":[],"jetpack_sharing_enabled":true,"_links":{"self":[{"href":"https:\/\/i2.information-innovation.de\/index.php?rest_route=\/wp\/v2\/pages\/162"}],"collection":[{"href":"https:\/\/i2.information-innovation.de\/index.php?rest_route=\/wp\/v2\/pages"}],"about":[{"href":"https:\/\/i2.information-innovation.de\/index.php?rest_route=\/wp\/v2\/types\/page"}],"author":[{"embeddable":true,"href":"https:\/\/i2.information-innovation.de\/index.php?rest_route=\/wp\/v2\/users\/1"}],"replies":[{"embeddable":true,"href":"https:\/\/i2.information-innovation.de\/index.php?rest_route=%2Fwp%2Fv2%2Fcomments&post=162"}],"version-history":[{"count":7,"href":"https:\/\/i2.information-innovation.de\/index.php?rest_route=\/wp\/v2\/pages\/162\/revisions"}],"predecessor-version":[{"id":431,"href":"https:\/\/i2.information-innovation.de\/index.php?rest_route=\/wp\/v2\/pages\/162\/revisions\/431"}],"wp:attachment":[{"href":"https:\/\/i2.information-innovation.de\/index.php?rest_route=%2Fwp%2Fv2%2Fmedia&parent=162"}],"curies":[{"name":"wp","href":"https:\/\/api.w.org\/{rel}","templated":true}]}}