{"id":247,"date":"2017-01-22T21:14:44","date_gmt":"2017-01-22T21:14:44","guid":{"rendered":"http:\/\/i2.information-innovation.de\/?page_id=247"},"modified":"2021-08-15T14:13:19","modified_gmt":"2021-08-15T14:13:19","slug":"knowhow","status":"publish","type":"page","link":"https:\/\/i2.information-innovation.de\/?page_id=247","title":{"rendered":"KnowHow"},"content":{"rendered":"<p><img loading=\"lazy\" decoding=\"async\" class=\"alignright wp-image-196 size-full\" src=\"https:\/\/i2.information-innovation.de\/wp-content\/uploads\/2017\/01\/knowhow001_152.jpg\" alt=\"\" width=\"150\" height=\"100\" \/><\/p>\n<p>Aufgrund der jahrelangen T\u00e4tigkeit in Kern- und Randbereichen der IT, ergeben sich verschiedenste\u00a0Erfahrungs- und T\u00e4tigkeitsschwerpunkte.<\/p>\n<h2><a name=\"02b04c9875102e93b\"><\/a>ERFAHRUNGSSCHWERPUNKTE<\/h2>\n<ul>\n<li>Agile Konzepte und Methoden (SCRUM, Kanban, &#8230;)<\/li>\n<li>Beratung<\/li>\n<li>Datenbanksysteme<\/li>\n<li>Graphische Benutzeroberfl\u00e4chen<\/li>\n<li>Gesch\u00e4ftsproze\u00df-Modellierung<\/li>\n<li>Hotline &amp; Support<\/li>\n<li>Konzeption- und Design<\/li>\n<li>Moderations- und Pr\u00e4sentationstechniken<\/li>\n<li>Objektorientierte Methoden und Systeme<\/li>\n<li>Produktdatenmanagement<\/li>\n<li>Projektmanagement &amp; Projektmanagementtechniken<\/li>\n<li>Qualit\u00e4tsmanagement<\/li>\n<li>Requirements-Engineering \/ -Management<\/li>\n<li>Simulationstechnik und Unternehmensmodellierung<\/li>\n<li>Software-Engineering<\/li>\n<li>Testmanagement<\/li>\n<li>Training &amp; Coaching<\/li>\n<li>Vertrieb (Pre- und PostSales)<\/li>\n<\/ul>\n<h2><a name=\"02b04c9875103513c\"><\/a>T\u00c4TIGKEITSSCHWERPUNKTE<\/h2>\n<ul>\n<li>Beratung(Klassische IT-Themen, Prozessberatung)<\/li>\n<li>Projektleitung<\/li>\n<li>Systemanalyse<\/li>\n<li>System- und Anwendungsentwicklung<\/li>\n<li>Systemadministration<\/li>\n<li>Support &amp; Hotlineservice<\/li>\n<li>Testmanagement<\/li>\n<li>Training<\/li>\n<li>Vertrieb<\/li>\n<\/ul>\n","protected":false},"excerpt":{"rendered":"<p>Aufgrund der jahrelangen T\u00e4tigkeit in Kern- und Randbereichen der IT, ergeben sich verschiedenste\u00a0Erfahrungs- und T\u00e4tigkeitsschwerpunkte. ERFAHRUNGSSCHWERPUNKTE Agile Konzepte und Methoden (SCRUM, Kanban, &#8230;) Beratung Datenbanksysteme Graphische Benutzeroberfl\u00e4chen Gesch\u00e4ftsproze\u00df-Modellierung Hotline &amp; Support Konzeption- und Design Moderations- und Pr\u00e4sentationstechniken Objektorientierte Methoden und Systeme Produktdatenmanagement Projektmanagement &amp; Projektmanagementtechniken Qualit\u00e4tsmanagement Requirements-Engineering \/ -Management Simulationstechnik und Unternehmensmodellierung Software-Engineering Testmanagement Training&#8230;<\/p>\n","protected":false},"author":1,"featured_media":0,"parent":0,"menu_order":0,"comment_status":"closed","ping_status":"closed","template":"","meta":{"footnotes":""},"aioseo_notices":[],"jetpack_sharing_enabled":true,"_links":{"self":[{"href":"https:\/\/i2.information-innovation.de\/index.php?rest_route=\/wp\/v2\/pages\/247"}],"collection":[{"href":"https:\/\/i2.information-innovation.de\/index.php?rest_route=\/wp\/v2\/pages"}],"about":[{"href":"https:\/\/i2.information-innovation.de\/index.php?rest_route=\/wp\/v2\/types\/page"}],"author":[{"embeddable":true,"href":"https:\/\/i2.information-innovation.de\/index.php?rest_route=\/wp\/v2\/users\/1"}],"replies":[{"embeddable":true,"href":"https:\/\/i2.information-innovation.de\/index.php?rest_route=%2Fwp%2Fv2%2Fcomments&post=247"}],"version-history":[{"count":7,"href":"https:\/\/i2.information-innovation.de\/index.php?rest_route=\/wp\/v2\/pages\/247\/revisions"}],"predecessor-version":[{"id":475,"href":"https:\/\/i2.information-innovation.de\/index.php?rest_route=\/wp\/v2\/pages\/247\/revisions\/475"}],"wp:attachment":[{"href":"https:\/\/i2.information-innovation.de\/index.php?rest_route=%2Fwp%2Fv2%2Fmedia&parent=247"}],"curies":[{"name":"wp","href":"https:\/\/api.w.org\/{rel}","templated":true}]}}