{"id":321,"date":"2017-01-29T13:02:06","date_gmt":"2017-01-29T13:02:06","guid":{"rendered":"http:\/\/i2.information-innovation.de\/?page_id=321"},"modified":"2018-06-03T13:02:23","modified_gmt":"2018-06-03T13:02:23","slug":"methode","status":"publish","type":"page","link":"https:\/\/i2.information-innovation.de\/?page_id=321","title":{"rendered":"Methode"},"content":{"rendered":"<p style=\"padding-left: 30px;\"><i><img loading=\"lazy\" decoding=\"async\" class=\"alignright wp-image-201 size-full\" src=\"https:\/\/i2.information-innovation.de\/wp-content\/uploads\/2017\/01\/methoden002_152.jpg\" alt=\"\" width=\"150\" height=\"100\" \/>&#8220;&#8230; a fool with a tool is still a fool &#8230;&#8221;<\/i><\/p>\n<p>Ein Steinmetz wird nicht zum Steinmetz, indem er Hammer und Meisel in die Hand nimmt und beginnt, den Stein zu behauen. Er mu\u00df wissen, <strong>WAS<\/strong> f\u00fcr ein Ziel er erreichen will, <strong>WIE<\/strong> er den Stein zu bearbeiten hat, erst dann kann er absch\u00e4tzen, <strong>WOMIT<\/strong> die Bearbeitung erfolgt.<\/p>\n<p>Diesen Grundsatz gilt es auch f\u00fcr die Projektarbeit zu beachten.<\/p>\n<p>Ob Beratung, Konzeption, Design oder Entwicklung, ohne eine methodische Basis haben alle Bem\u00fchungen wenig Aussicht auf Erfolg.<\/p>\n<p style=\"padding-left: 30px;\"><em>Yoji Akao, der Begr\u00fcnder des QFD (= Quality Function Deployment) sagte einmal, da\u00df eine Methode nicht als starres und statisches Gebilde verstanden werden darf, sondern da\u00df eine Methode eine Basis bildet, die weiterentwickelt werden mu\u00df, um so neue Ideen und Gedanken aufzunehmen und zu unterst\u00fctzen.<\/em><\/p>\n<p>Beispiele hierf\u00fcr sind:<\/p>\n<ul>\n<li>Weiterentwicklung des HoQ (= House of Quality) zu KLK (= Kommunikationslandkarten).<\/li>\n<li>Kombination von QFD mit MindMaps oder ConceptMaps.<\/li>\n<li>Nutzung von MindMaps f\u00fcr die Erstellung von UseCases.<\/li>\n<li>Syntaktische und semantische Analyse von Anforderungen.<\/li>\n<\/ul>\n<p>In den beigef\u00fcgten Dokumenten finden sich Beispiele, die aufzeigen, welchen Fundus an Wissen und Erfahrung Methoden bieten k\u00f6nnen.<\/p>\n<h1>Qualit\u00e4tsmanagement<\/h1>\n<ul>\n<li>Qualit\u00e4tsmanagement &#8211; Eine Einf\u00fchrung<iframe src=\"\/\/docs.google.com\/viewer?url=https%3A%2F%2Fi2.information-innovation.de%2Fwp-content%2Fuploads%2F2017%2F01%2FQualit%C3%A4tsmanagement-Eine-Einf%C3%BChrung.pdf&hl=de&embedded=true\" class=\"gde-frame\" style=\"width:100%; height:500px; border: none;\" scrolling=\"no\"><\/iframe>\n<p class=\"gde-text\"><a href=\"https:\/\/i2.information-innovation.de\/wp-content\/uploads\/2017\/01\/Qualit\u00e4tsmanagement-Eine-Einf\u00fchrung.pdf\" class=\"gde-link\">Download (PDF, 539KB)<\/a><\/p><\/li>\n<\/ul>\n<h1>Quality Function Deployment (QFD)<\/h1>\n<ul>\n<li>Einf\u00fchrung QFD<iframe src=\"\/\/docs.google.com\/viewer?url=https%3A%2F%2Fi2.information-innovation.de%2Fwp-content%2Fuploads%2F2017%2F01%2FEinf%C3%BChrung-QFD.pdf&hl=de&embedded=true\" class=\"gde-frame\" style=\"width:100%; height:500px; border: none;\" scrolling=\"no\"><\/iframe>\n<p class=\"gde-text\"><a href=\"https:\/\/i2.information-innovation.de\/wp-content\/uploads\/2017\/01\/Einf\u00fchrung-QFD.pdf\" class=\"gde-link\">Download (PDF, 66KB)<\/a><\/p><\/li>\n<li>QFD Einf\u00fchrung<iframe src=\"\/\/docs.google.com\/viewer?url=https%3A%2F%2Fi2.information-innovation.de%2Fwp-content%2Fuploads%2F2017%2F01%2FQFD-EInf%C3%BChrung.pdf&hl=de&embedded=true\" class=\"gde-frame\" style=\"width:100%; height:500px; border: none;\" scrolling=\"no\"><\/iframe>\n<p class=\"gde-text\"><a href=\"https:\/\/i2.information-innovation.de\/wp-content\/uploads\/2017\/01\/QFD-EInf\u00fchrung.pdf\" class=\"gde-link\">Download (PDF, 284KB)<\/a><\/p><\/li>\n<li>QFD Grundlagen<iframe src=\"\/\/docs.google.com\/viewer?url=https%3A%2F%2Fi2.information-innovation.de%2Fwp-content%2Fuploads%2F2017%2F01%2FQFD-Grundlagen.pdf&hl=de&embedded=true\" class=\"gde-frame\" style=\"width:100%; height:500px; border: none;\" scrolling=\"no\"><\/iframe>\n<p class=\"gde-text\"><a href=\"https:\/\/i2.information-innovation.de\/wp-content\/uploads\/2017\/01\/QFD-Grundlagen.pdf\" class=\"gde-link\">Download (PDF, 1.63MB)<\/a><\/p><\/li>\n<li>QFD Awareness Chart<iframe src=\"\/\/docs.google.com\/viewer?url=https%3A%2F%2Fi2.information-innovation.de%2Fwp-content%2Fuploads%2F2017%2F01%2FQFD-Awareness-Chart.pdf&hl=de&embedded=true\" class=\"gde-frame\" style=\"width:100%; height:500px; border: none;\" scrolling=\"no\"><\/iframe>\n<p class=\"gde-text\"><a href=\"https:\/\/i2.information-innovation.de\/wp-content\/uploads\/2017\/01\/QFD-Awareness-Chart.pdf\" class=\"gde-link\">Download (PDF, 12KB)<\/a><\/p><\/li>\n<\/ul>\n<h1>Sonstige Methoden<\/h1>\n<ul>\n<li>Methode Paarweiser Vergleich<iframe src=\"\/\/docs.google.com\/viewer?url=https%3A%2F%2Fi2.information-innovation.de%2Fwp-content%2Fuploads%2F2017%2F01%2FMethode-Paarweiser-Vergleich.pdf&hl=de&embedded=true\" class=\"gde-frame\" style=\"width:100%; height:500px; border: none;\" scrolling=\"no\"><\/iframe>\n<p class=\"gde-text\"><a href=\"https:\/\/i2.information-innovation.de\/wp-content\/uploads\/2017\/01\/Methode-Paarweiser-Vergleich.pdf\" class=\"gde-link\">Download (PDF, 15KB)<\/a><\/p><\/li>\n<li>FMEA &#8211; Vorgehen zur Vorselektion<iframe src=\"\/\/docs.google.com\/viewer?url=https%3A%2F%2Fi2.information-innovation.de%2Fwp-content%2Fuploads%2F2017%2F01%2FFMEA-Vorgehen-zur-Vorselektion.pdf&hl=de&embedded=true\" class=\"gde-frame\" style=\"width:100%; height:500px; border: none;\" scrolling=\"no\"><\/iframe>\n<p class=\"gde-text\"><a href=\"https:\/\/i2.information-innovation.de\/wp-content\/uploads\/2017\/01\/FMEA-Vorgehen-zur-Vorselektion.pdf\" class=\"gde-link\">Download (PDF, 22KB)<\/a><\/p><\/li>\n<\/ul>\n<h1>Ver\u00f6ffentlichung &amp; Vortrag<\/h1>\n<ul>\n<li>Virtuelles Prozessmanagement mit Hilfe von QFD<iframe src=\"\/\/docs.google.com\/viewer?url=https%3A%2F%2Fi2.information-innovation.de%2Fwp-content%2Fuploads%2F2017%2F01%2FVirtuelles-Prozessmanagement-mit-Hilfe-von-QFD.pdf&hl=de&embedded=true\" class=\"gde-frame\" style=\"width:100%; height:500px; border: none;\" scrolling=\"no\"><\/iframe>\n<p class=\"gde-text\"><a href=\"https:\/\/i2.information-innovation.de\/wp-content\/uploads\/2017\/01\/Virtuelles-Prozessmanagement-mit-Hilfe-von-QFD.pdf\" class=\"gde-link\">Download (PDF, 19KB)<\/a><\/p><\/li>\n<li>KLK &#8211; Eine Erweiterung zu QFD<iframe src=\"\/\/docs.google.com\/viewer?url=https%3A%2F%2Fi2.information-innovation.de%2Fwp-content%2Fuploads%2F2017%2F01%2FKLK-Eine-Erweiterung-zu-QFD.pdf&hl=de&embedded=true\" class=\"gde-frame\" style=\"width:100%; height:500px; border: none;\" scrolling=\"no\"><\/iframe>\n<p class=\"gde-text\"><a href=\"https:\/\/i2.information-innovation.de\/wp-content\/uploads\/2017\/01\/KLK-Eine-Erweiterung-zu-QFD.pdf\" class=\"gde-link\">Download (PDF, 19KB)<\/a><\/p><\/li>\n<li>Konzept e-Manufacturing Portal<iframe src=\"\/\/docs.google.com\/viewer?url=https%3A%2F%2Fi2.information-innovation.de%2Fwp-content%2Fuploads%2F2017%2F01%2FKonzept-e-Manufacturing-Portal.pdf&hl=de&embedded=true\" class=\"gde-frame\" style=\"width:100%; height:500px; border: none;\" scrolling=\"no\"><\/iframe>\n<p class=\"gde-text\"><a href=\"https:\/\/i2.information-innovation.de\/wp-content\/uploads\/2017\/01\/Konzept-e-Manufacturing-Portal.pdf\" class=\"gde-link\">Download (PDF, 698KB)<\/a><\/p><\/li>\n<li>Rest In Pixel &#8211; Concepts &amp; Blueprint<iframe src=\"\/\/docs.google.com\/viewer?url=https%3A%2F%2Fi2.information-innovation.de%2Fwp-content%2Fuploads%2F2017%2F01%2FRest-in-Pixel-Concepts-Blueprints.pdf&hl=de&embedded=true\" class=\"gde-frame\" style=\"width:100%; height:500px; border: none;\" scrolling=\"no\"><\/iframe>\n<p class=\"gde-text\"><a href=\"https:\/\/i2.information-innovation.de\/wp-content\/uploads\/2017\/01\/Rest-in-Pixel-Concepts-Blueprints.pdf\" class=\"gde-link\">Download (PDF, 997KB)<\/a><\/p><\/li>\n<\/ul>\n","protected":false},"excerpt":{"rendered":"<p>&#8220;&#8230; a fool with a tool is still a fool &#8230;&#8221; Ein Steinmetz wird nicht zum Steinmetz, indem er Hammer und Meisel in die Hand nimmt und beginnt, den Stein zu behauen. Er mu\u00df wissen, WAS f\u00fcr ein Ziel er erreichen will, WIE er den Stein zu bearbeiten hat, erst dann kann er absch\u00e4tzen, WOMIT&#8230;<\/p>\n","protected":false},"author":1,"featured_media":0,"parent":0,"menu_order":0,"comment_status":"closed","ping_status":"closed","template":"","meta":{"footnotes":""},"aioseo_notices":[],"jetpack_sharing_enabled":true,"_links":{"self":[{"href":"https:\/\/i2.information-innovation.de\/index.php?rest_route=\/wp\/v2\/pages\/321"}],"collection":[{"href":"https:\/\/i2.information-innovation.de\/index.php?rest_route=\/wp\/v2\/pages"}],"about":[{"href":"https:\/\/i2.information-innovation.de\/index.php?rest_route=\/wp\/v2\/types\/page"}],"author":[{"embeddable":true,"href":"https:\/\/i2.information-innovation.de\/index.php?rest_route=\/wp\/v2\/users\/1"}],"replies":[{"embeddable":true,"href":"https:\/\/i2.information-innovation.de\/index.php?rest_route=%2Fwp%2Fv2%2Fcomments&post=321"}],"version-history":[{"count":10,"href":"https:\/\/i2.information-innovation.de\/index.php?rest_route=\/wp\/v2\/pages\/321\/revisions"}],"predecessor-version":[{"id":421,"href":"https:\/\/i2.information-innovation.de\/index.php?rest_route=\/wp\/v2\/pages\/321\/revisions\/421"}],"wp:attachment":[{"href":"https:\/\/i2.information-innovation.de\/index.php?rest_route=%2Fwp%2Fv2%2Fmedia&parent=321"}],"curies":[{"name":"wp","href":"https:\/\/api.w.org\/{rel}","templated":true}]}}